{"id":594,"date":"2023-12-13T00:57:26","date_gmt":"2023-12-13T00:57:26","guid":{"rendered":"https:\/\/lippee.com.ar\/?post_type=product&#038;p=594"},"modified":"2023-12-13T02:02:25","modified_gmt":"2023-12-13T02:02:25","slug":"milanesa-de-ternera-rellena","status":"publish","type":"product","link":"https:\/\/lippee.com.ar\/index.php\/product\/milanesa-de-ternera-rellena\/","title":{"rendered":"Milanesa de ternera rellena"},"content":{"rendered":"<p>Con queso dambo, morr\u00f3n, provenzal y salsa de crema de lim\u00f3n. Acompa\u00f1ado de papas r\u00fasticas.<\/p>\n","protected":false},"excerpt":{"rendered":"<p>Con queso dambo, morr\u00f3n, provenzal y salsa de crema de lim\u00f3n. Acompa\u00f1ado de papas r\u00fasticas.<\/p>\n","protected":false},"featured_media":0,"template":"","meta":{"_et_pb_use_builder":"","_et_pb_old_content":"","_et_gb_content_width":""},"product_brand":[],"product_cat":[27,18],"product_tag":[146,143,147,145],"class_list":{"0":"post-594","1":"product","2":"type-product","3":"status-publish","5":"product_cat-frituras","6":"product_cat-lippee-restaurant","7":"product_tag-carne","8":"product_tag-milanesa","9":"product_tag-rellena","10":"product_tag-ternera","12":"first","13":"instock","14":"shipping-taxable","15":"purchasable","16":"product-type-simple"},"_links":{"self":[{"href":"https:\/\/lippee.com.ar\/index.php\/wp-json\/wp\/v2\/product\/594","targetHints":{"allow":["GET"]}}],"collection":[{"href":"https:\/\/lippee.com.ar\/index.php\/wp-json\/wp\/v2\/product"}],"about":[{"href":"https:\/\/lippee.com.ar\/index.php\/wp-json\/wp\/v2\/types\/product"}],"wp:attachment":[{"href":"https:\/\/lippee.com.ar\/index.php\/wp-json\/wp\/v2\/media?parent=594"}],"wp:term":[{"taxonomy":"product_brand","embeddable":true,"href":"https:\/\/lippee.com.ar\/index.php\/wp-json\/wp\/v2\/product_brand?post=594"},{"taxonomy":"product_cat","embeddable":true,"href":"https:\/\/lippee.com.ar\/index.php\/wp-json\/wp\/v2\/product_cat?post=594"},{"taxonomy":"product_tag","embeddable":true,"href":"https:\/\/lippee.com.ar\/index.php\/wp-json\/wp\/v2\/product_tag?post=594"}],"curies":[{"name":"wp","href":"https:\/\/api.w.org\/{rel}","templated":true}]}}