{"id":252,"date":"2022-11-15T20:25:46","date_gmt":"2022-11-15T20:25:46","guid":{"rendered":"http:\/\/lippee.com.ar\/?post_type=product&#038;p=252"},"modified":"2023-12-13T01:25:21","modified_gmt":"2023-12-13T01:25:21","slug":"sorrentinos-de-crudo-y-rucula","status":"publish","type":"product","link":"https:\/\/lippee.com.ar\/index.php\/product\/sorrentinos-de-crudo-y-rucula\/","title":{"rendered":"Sorrentinos de r\u00facula y crudo"},"content":{"rendered":"<p>Masa de piment\u00f3n con relleno de jam\u00f3n crudo, r\u00facula y ricota, con salsa crema de parmesano.<\/p>\n","protected":false},"excerpt":{"rendered":"<p>Masa de piment\u00f3n con relleno de jam\u00f3n crudo, r\u00facula y ricota, con salsa crema de parmesano.<\/p>\n","protected":false},"featured_media":0,"template":"","meta":{"_et_pb_use_builder":"","_et_pb_old_content":"","_et_gb_content_width":""},"product_brand":[],"product_cat":[18,29],"product_tag":[188,192,189],"class_list":{"0":"post-252","1":"product","2":"type-product","3":"status-publish","5":"product_cat-lippee-restaurant","6":"product_cat-pastas-de-elaboracion","7":"product_tag-pasta","8":"product_tag-rucula-y-crudo","9":"product_tag-sorrentinos","11":"first","12":"instock","13":"shipping-taxable","14":"purchasable","15":"product-type-simple"},"_links":{"self":[{"href":"https:\/\/lippee.com.ar\/index.php\/wp-json\/wp\/v2\/product\/252","targetHints":{"allow":["GET"]}}],"collection":[{"href":"https:\/\/lippee.com.ar\/index.php\/wp-json\/wp\/v2\/product"}],"about":[{"href":"https:\/\/lippee.com.ar\/index.php\/wp-json\/wp\/v2\/types\/product"}],"wp:attachment":[{"href":"https:\/\/lippee.com.ar\/index.php\/wp-json\/wp\/v2\/media?parent=252"}],"wp:term":[{"taxonomy":"product_brand","embeddable":true,"href":"https:\/\/lippee.com.ar\/index.php\/wp-json\/wp\/v2\/product_brand?post=252"},{"taxonomy":"product_cat","embeddable":true,"href":"https:\/\/lippee.com.ar\/index.php\/wp-json\/wp\/v2\/product_cat?post=252"},{"taxonomy":"product_tag","embeddable":true,"href":"https:\/\/lippee.com.ar\/index.php\/wp-json\/wp\/v2\/product_tag?post=252"}],"curies":[{"name":"wp","href":"https:\/\/api.w.org\/{rel}","templated":true}]}}