{"id":224,"date":"2022-11-15T20:15:59","date_gmt":"2022-11-15T20:15:59","guid":{"rendered":"http:\/\/lippee.com.ar\/?post_type=product&#038;p=224"},"modified":"2023-12-13T01:16:06","modified_gmt":"2023-12-13T01:16:06","slug":"bifecitos-al-marsala","status":"publish","type":"product","link":"https:\/\/lippee.com.ar\/index.php\/product\/bifecitos-al-marsala\/","title":{"rendered":"Bifecitos al marsala"},"content":{"rendered":"<p>Bifecitos de ternera en reducci\u00f3n de vino marsala y salsa espa\u00f1ola. Acompa\u00f1ado de papas a la crema y tomillo.<\/p>\n","protected":false},"excerpt":{"rendered":"<p>Bifecitos de ternera en reducci\u00f3n de vino marsala y salsa espa\u00f1ola.<\/p>\n","protected":false},"featured_media":0,"template":"","meta":{"_et_pb_use_builder":"","_et_pb_old_content":"","_et_gb_content_width":""},"product_brand":[],"product_cat":[18,28],"product_tag":[181,164,182,163],"class_list":{"0":"post-224","1":"product","2":"type-product","3":"status-publish","5":"product_cat-lippee-restaurant","6":"product_cat-parrilla","7":"product_tag-bifecitos","8":"product_tag-brasas","9":"product_tag-marsala","10":"product_tag-parrilla","12":"first","13":"instock","14":"shipping-taxable","15":"purchasable","16":"product-type-simple"},"_links":{"self":[{"href":"https:\/\/lippee.com.ar\/index.php\/wp-json\/wp\/v2\/product\/224","targetHints":{"allow":["GET"]}}],"collection":[{"href":"https:\/\/lippee.com.ar\/index.php\/wp-json\/wp\/v2\/product"}],"about":[{"href":"https:\/\/lippee.com.ar\/index.php\/wp-json\/wp\/v2\/types\/product"}],"wp:attachment":[{"href":"https:\/\/lippee.com.ar\/index.php\/wp-json\/wp\/v2\/media?parent=224"}],"wp:term":[{"taxonomy":"product_brand","embeddable":true,"href":"https:\/\/lippee.com.ar\/index.php\/wp-json\/wp\/v2\/product_brand?post=224"},{"taxonomy":"product_cat","embeddable":true,"href":"https:\/\/lippee.com.ar\/index.php\/wp-json\/wp\/v2\/product_cat?post=224"},{"taxonomy":"product_tag","embeddable":true,"href":"https:\/\/lippee.com.ar\/index.php\/wp-json\/wp\/v2\/product_tag?post=224"}],"curies":[{"name":"wp","href":"https:\/\/api.w.org\/{rel}","templated":true}]}}